18. Let v = 13 - k. List the prime factors of v.
2, 5
Let m(y) = -7*y**3 - y**2 + 3*y + 1. Let x be m(-2). Suppose 0 = -3*s + 4*v + x, -5*s + 4*v + 68 = -13. Suppose -5*p + s = 7. List the prime factors of p.
2
Let m(v) = -35*v. Let z be m(-1). Let r = -19 + z. List the prime factors of r.
2
Let q(i) = -i**3 + 5*i**2 + 8*i - 8. Let o be q(6). Suppose -o = -d - 0. What are the prime factors of d?
2
Let z(p) be the second derivative of -p**3/6 + 5*p**2/2 - 2*p. Let t be z(5). Suppose t = 2*f - 22 + 4. List the prime factors of f.
3
Let k = -38 - -73. Suppose -6*d + d + k = 0. What are the prime factors of d?
7
Let i(w) = -11*w - 1. Let s = 2 + -5. What are the prime factors of i(s)?
2
Suppose 2*b = 3*b - 44. Suppose -4*s + 40 = -2*z, 4*z + b + 3 = 5*s. What are the prime factors of s?
11
Suppose 54 = 3*b - 0*b. Let g = b - 14. What are the prime factors of g?
2
Let h(y) = y**3 + 8*y**2 - 18*y - 22. What are the prime factors of h(-7)?
3, 17
What are the prime factors of (-3)/(6/(-16)) + 2?
2, 5
Let v(z) = z**2 + 3*z + 6. What are the prime factors of v(5)?
2, 23
Let r(m) = -m**2 + 28. What are the prime factors of r(0)?
2, 7
Suppose -3*c + 3*s = -s + 7, -2*s = -2*c - 2. Suppose 0 = c*v - 4*v + 17. List the prime factors of v.
17
Let k = 18 - 12. Suppose 0 = 5*w - 5*r - 18 - 42, 2*w - k = -4*r. What are the prime factors of w?
3
Suppose 0 = -m - 2*m + 12. Suppose -21 - 47 = -m*s. List the prime factors of s.
17
Let u(i) = i**3 - i**2 - 4. Let r be u(4). Let m = -9 + r. Suppose -3*f = -2*n + m, n + 42 = 4*n - f. List the prime factors of n.
13
Suppose k - 4 = -26. Let t = k + 39. List the prime factors of t.
17
Let f be 6/(5/(15/6)). Suppose -o + 23 = 3*d, f*d + 3*o - 25 = o. Suppose 3*k - d = 29. List the prime factors of k.
2, 3
Suppose -x + 657 - 6 = 5*f, 4*x = -5*f + 639. List the prime factors of f.
131
Let r = 5 - 0. Suppose q + 2*d + 2*d + 11 = 0, 5*d + r = 0. Let b = 15 + q. What are the prime factors of b?
2
Let x(v) = -v**3 + 4*v**2 - 2*v - 2. Let z be x(4). Let n(m) = -m**3 - 11*m**2 - 10*m + 14. List the prime factors of n(z).
2, 7
Let z(h) = h**3 - 9*h**2 - 16*h - 3. List the prime factors of z(11).
3, 7
List the prime factors of (2 - 0) + 60/4.
17
Let f be 66/(-55)*(-10)/3. Suppose 0 = -0*l + f*l - 32. What are the prime factors of l?
2
Suppose 11*i - 287 = 1011. What are the prime factors of i?
2, 59
Suppose q = h + 4, 0*q = 4*q + h - 11. Suppose -2*p - 3*m + 27 = -17, -q*m + 92 = 5*p. List the prime factors of p.
2
Suppose 96 = 5*y - 3*c, -4*c + 2 = -5*y + 95. What are the prime factors of 366/y - 4/(-7)?
2, 3
Suppose -72 + 21 = -3*t. Let r = t - 10. What are the prime factors of 42/8 + r/(-28)?
5
Suppose 0 = l + 4*p - 27, 56 - 135 = -2*l - 3*p. List the prime factors of l.
47
Suppose 94 + 202 = 4*g. What are the prime factors of g?
2, 37
Let x be (11/(-4))/((-2)/(-8)). Let g = -7 - x. What are the prime factors of g?
2
Let f(x) = -1. Let d(z) = -2*z - 4. Let i(g) = -d(g) + 6*f(g). Let c = 37 + -28. What are the prime factors of i(c)?
2
Suppose -3*g + 133 = -32. Let p = g - 18. What are the prime factors of p?
37
Let w(b) be the third derivative of b**4/12 + 13*b**3/6 + 8*b**2. What are the prime factors of w(8)?
29
Let b(j) = j**3 - 5*j**2 + 7. Let t be b(5). Suppose w - t - 13 = 0. What are the prime factors of w?
2, 5
Suppose 2*o + 1 = 37. What are the prime factors of o?
2, 3
Suppose 3*s + 12 = 0, s = x - 4*x + 35. Let f = x - 3. What are the prime factors of f?
2, 5
What are the prime factors of (-36)/10*450/(-20)?
3
Let v = 284 - 181. Suppose 5*u - 4*x = v, u + 4*x = -0*u + 11. Let c = -9 + u. What are the prime factors of c?
2, 5
Let a(n) = -n**2 + 2*n - 1. Let f be a(1). Suppose f = -o + 3*o - 22. Let m = o - -2. List the prime factors of m.
13
Suppose b + 1 = 0, -w + 5*w - 56 = -4*b. List the prime factors of -8*(-1)/(6/w).
2, 5
Suppose 18 = -2*m - r + 112, m - 41 = r. What are the prime factors of m?
3, 5
Suppose u = 5, -2*u - 53 = -3*w - 0*w. What are the prime factors of w?
3, 7
Suppose 0 = -3*v - 2*v - 10, g = 5*v + 153. List the prime factors of g.
11, 13
Let d(a) = -a + 12. What are the prime factors of d(6)?
2, 3
Suppose 0 = -p + 33 + 15. Suppose 0 = -4*k + p - 8. What are the prime factors of k?
2, 5
Suppose p + 0*p = 0. Let c = 0 - p. Let b = 10 + c. List the prime factors of b.
2, 5
Let d = 158 - 26. Suppose 13*s - 17*s + d = 0. List the prime factors of s.
3, 11
Suppose 5*n = m - 11, -3*n - 3*m - 13 = -2*m. Let b = n - -3. Suppose b*r + 12 = 3*r. What are the prime factors of r?
2
Let f(m) = m + 8. Let p be f(-5). Let q = 5 - p. Suppose -g + 13 = -q*l, -15 - 12 = -3*g + 2*l. What are the prime factors of g?
7
Let d(x) = -2 - 4 + 11*x - 3*x**2 + 2*x**2. Let y be d(6). Let f = y + -14. What are the prime factors of f?
2, 5
Suppose 0 = 2*v - 271 - 7. List the prime factors of v.
139
Suppose 6*b - 102 = 3*b. List the prime factors of b.
2, 17
What are the prime factors of (-475)/(-7) - (-12)/84?
2, 17
Let r = 8 - 12. Let a = r + 4. Suppose 5*q - 48 = -b, 2*q - 3*q - 3*b + 18 = a. What are the prime factors of q?
3
Let s(g) = 7*g - 5. List the prime factors of s(5).
2, 3, 5
Let u be (-7)/(-14) - 2/4. Suppose u*s + 48 = 2*s. Suppose 5*t - s = 3*t. What are the prime factors of t?
2, 3
Suppose -4*m + 211 = 3*h - 10, -m - 76 = -h. List the prime factors of h.
3, 5
Suppose 4*d - 30 = -2*q, 3*d - 25 = -d - q. Suppose -142 = -d*x - 22. List the prime factors of x.
2, 3
Let t(n) = n**3 - n**2 + n + 12. Suppose -3*w - 20 = 2*g + 2*g, 5*g = -3*w - 25. What are the prime factors of t(w)?
2, 3
Let g(j) = j - 1. Suppose -3*z + 5 = 2. Let b be g(z). Suppose b*p + 9 = 3*p. List the prime factors of p.
3
Suppose -20 = -5*n - 5, -5*n = x - 128. What are the prime factors of x?
113
Suppose -5*m = 4*n - 21, 5 + 4 = 3*n - 3*m. Let s(i) be the second derivative of -i**4/12 + 5*i**3/6 + 5*i**2/2 - i. What are the prime factors of s(n)?
3
Suppose 5*a = 5*l - 15 - 5, 4*l = -2*a + 22. List the prime factors of 1*(-3)/a - -20.
17
Let m = 13 - 19. Let a = 0 - m. List the prime factors of 20/a + 4/(-12).
3
Let r(w) = -3*w**2 + 1 - 4 - w + 2. Let f be r(-1). Let z = f + 5. What are the prime factors of z?
2
Let y = -15 - -20. What are the prime factors of y?
5
Suppose -7*x - 25 = -2*x - 5*n, 5*n = -4*x - 11. Let f(l) = -l. Let g be f(1). Let d = g - x. What are the prime factors of d?
3
Suppose 0*t - 69 = -3*t. Let m = t - 9. What are the prime factors of m?
2, 7
Let d = -129 + -39. List the prime factors of (-2)/2*d/3.
2, 7
Let z be (-1 - -7) + -3 + 2. Let j be -6*(-1 + z/(-3)). Suppose -b = b - j. List the prime factors of b.
2
Let n(a) be the second derivative of a**4/3 - a**3/3 + 3*a. What are the prime factors of n(3)?
2, 3, 5
Let c(y) be the third derivative of y**3/6 - 2*y**2. Let l(j) = -j - 3. Let n(p) = -6*c(p) - 2*l(p). What are the prime factors of n(3)?
2, 3
Suppose 2*k + k = -102. Let p = 70 + k. Suppose 0 = -4*f - 12 + p. List the prime factors of f.
2, 3
Let m(r) = -r**2 + 27*r. List the prime factors of m(25).
2, 5
Let r(b) = -b + 10. Let y be r(7). Suppose 5*v - 12 = y*k - 0*v, 0 = -2*k + v - 1. List the prime factors of (1/(-2))/k*-6.
3
Let l(y) = -9*y**3 + 2*y**2 - 1. Let r be l(-1). Let s be 13/(-5) - r/25. Let f = -1 - s. What are the prime factors of f?
2
Suppose -2*h = 3*r - 0*r - 47, 46 = 2*h + 4*r. List the prime factors of h.
5
What are the prime factors of (2/(4/21))/(27/108)?
2, 3, 7
Suppose 2*n - 64 = 6*n - 4*t, 0 = 4*n + 3*t + 29. Let p = n - 13. Let f = -17 - p. What are the prime factors of f?
7
Suppose 3*p + 20 = 5*z, 0 = -4*z - z - 2*p + 20. Suppose -l + z*v = -69, -l = l + 4*v - 90. What are the prime factors of l?
53
Suppose 4*x - 3*p = 1284, x + 5*p = -x + 616. List the prime factors of x.
2, 3, 53
Let q be (-4)/8*(-134)/1. Let a = -43 + q. What are the prime factors of a?
2, 3
Let q = -51 + 88. List the prime factors of q.
37
Let a = 103 - 61. What are the prime factors of a?
2, 3, 7
Let l(y) be the first derivative of -4*y**2 - 6*y - 2. Let k be l(-5). What are the prime factors of k/4 + (-3)/(-6)?
3
Suppose -3*u = 4*t - 106, -3*u + 96 - 18 = -3*t. What are the prime factors of u?
2, 3, 5
Let q(n) be the third derivative of n**4/3 - n**3/3 + n**2. Let s be (-4 + 5)/(1/2). What are the prime factors o